 when f(-6) is divided by r?
1
Let y = 199 - 177. Calculate the remainder when y is divided by 12.
10
Let f(h) = -16*h - 275. What is the remainder when (74/(-6))/((-2)/6) is divided by f(-18)?
11
Let t(c) = 2*c**2 + 7*c + 12. Let s be t(-2). Suppose 5*z - 342 = 2*z. Suppose -s = 4*i - z. What is the remainder when 78 is divided by i?
24
What is the remainder when ((-22)/(-5))/((-39)/195)*-62 is divided by 24?
20
Let d(k) be the first derivative of 1/2*k**2 + 20*k - 5. What is the remainder when 71 is divided by d(-8)?
11
Let i = 705 + -698. Suppose -8 = 2*p + 4. Let w = p + 17. What is the remainder when w is divided by i?
4
Let k = 18 - 11. Let v = 18 + k. Calculate the remainder when v is divided by 7.
4
Let w = -124 + 337. What is the remainder when w is divided by 24?
21
Suppose -5*w = -2*g - 42 + 14, 5 = w - g. Calculate the remainder when 1*-14*(-21)/w is divided by 25 - ((4 + -1)*-1 + 3).
24
Let t = 188 - 138. What is the remainder when 94 is divided by t?
44
Let l(j) = 3*j - 4. Suppose 15 = 8*v - 3*v. Let c be l(v). Suppose -c*g + 319 - 14 = 0. What is the remainder when g is divided by 21?
19
Suppose 3*k - 25 - 1439 = 0. Suppose -19*h + k = -424. What is the remainder when h is divided by (1/2)/((-2)/(-100))?
23
Suppose 2*b - 3*z - 22 = -7*z, -4*z = -12. Suppose 0 = 2*j - 5*r - 61, -3*r - 6 = -b*r. Calculate the remainder when j is divided by (-10)/(-8)*2*4.
8
Suppose 18*n - d = 17*n + 66, 0 = 3*n - 5*d - 188. Calculate the remainder when n is divided by 7.
1
Suppose 0 = 3*y - 28 - 2. Let g = -24 + 108. Suppose 3*w = 6*w - g. Calculate the remainder when w is divided by y.
8
Let p = -33 - 2. Let x = 34 + p. Let y(i) = -27*i**3 + 2*i**2 - 1. Calculate the remainder when 55 is divided by y(x).
27
Suppose 231 + 9 = 4*z. Calculate the remainder when 72 is divided by z.
12
Suppose 4*o - 8*o - 96 = -4*f, 5*o = 3*f - 74. Calculate the remainder when 89 is divided by f.
20
Calculate the remainder when -6 + -1 - 39039/(-77) is divided by 42.
38
Let j(k) = k**2 + 39*k + 406. What is the remainder when j(-32) is divided by 15?
2
Suppose -4*x - 68 = -8*x. What is the remainder when 30 is divided by x?
13
Suppose -19*i + 202 = -5*i - 50. What is the remainder when (71 + 0)/(1/3) is divided by i?
15
Suppose 4*v = 2*h + 1016, 5*h = 20*v - 16*v - 1022. Calculate the remainder when v is divided by 78.
19
Let q be ((-30)/(-35))/(2/7). Suppose -q*i = 4*n - 10, -2*i - 19 - 1 = -4*n. Suppose -100 = -n*u - u. What is the remainder when 79 is divided by u?
19
Let w be (10/(-15))/((-10)/15). Let t = w + 46. Calculate the remainder when t is divided by 13.
8
Let c(v) = v**3 + 6*v**2 - 6*v + 7. Let l be c(-7). Let o = 0 + l. Suppose -m = -o*m - 4. What is the remainder when 9 is divided by m?
1
Suppose 4*b - 159 = l - 27, 3*l = 0. Let s = 55 - b. Suppose -16 = -a - a. Calculate the remainder when s is divided by a.
6
Let y(m) = -13*m - 186. What is the remainder when 332 is divided by y(-15)?
8
Suppose -2*i - i = 4*n - 133, -n + 2*i + 25 = 0. Let v(d) = -d**3 + 14*d**2 - 13*d - 160. What is the remainder when v(11) is divided by n?
29
Suppose -5*f = 4*h, 5*h = -3*f - 2 - 11. Suppose 3*j + 236 = 4*w - 2*j, -f*w - 2*j = -208. Suppose d = -8 + w. Calculate the remainder when d is divided by 12.
10
Suppose 5*m + 8 = 23. Suppose -38 = m*b - 5*b. Suppose -y + b = -6. What is the remainder when y is divided by 14?
11
Let d(z) = z**2 - z + 1. Let o be d(6). Suppose 5*g - 44 = -4*i, 5*g - 19 = -5*i + o. What is the remainder when (-429)/(-15) + 6/15 is divided by i?
5
Let v(x) = -395*x**2 + 10 - 5*x + 25 + 396*x**2 + 21*x. Calculate the remainder when 17 is divided by v(-14).
3
Suppose 0 = 16*k - 14*k - 46. Suppose 5*w - w = 0. Suppose 0 = 2*p + 5*s - 188, -5*p + 4*p - 5*s + 99 = w. What is the remainder when p is divided by k?
20
Let p(t) = -11*t - 97. What is the remainder when p(-32) is divided by 29?
23
Let c(k) = -3*k + 2. Let x = 2852 - 2831. What is the remainder when x is divided by c(-2)?
5
Let b(g) = 14*g**2 - 3*g - 2. Let q(a) = 2*a**2 + 16*a + 43. Calculate the remainder when b(3) is divided by q(-7).
28
Let i(y) = y**2 + 5*y - 3. Let j be i(-5). Let m = -307 + 330. What is the remainder when 65/(-3*1/j) is divided by m?
19
Let t(d) = -d**2 - 2*d + 1. Let b be t(-5). Suppose f + 19*f = 460. Let m = b + f. What is the remainder when m is divided by 6?
3
Let a = 50 + -54. Calculate the remainder when (-1)/4 - 141/a is divided by 4.
3
Let k = 10 - -2. Suppose 3*x - 203 = 2*f + 1, 0 = -3*x + 5*f + 195. What is the remainder when x is divided by k?
10
Suppose -4 = s - 6. Suppose 2*f - s*i - 205 = -3*f, f = -i + 41. What is the remainder when f is divided by 14?
13
Suppose 542*y = 548*y - 288. Calculate the remainder when y is divided by 27.
21
Suppose 17*m = 4*m + 156. Let h(w) = -w**2 - 4*w + 1. Let t be h(-3). Calculate the remainder when 87/m + 3/t is divided by 6.
2
Let p = 10 - 7. Let r = 14 + p. Calculate the remainder when 31 is divided by r.
14
Calculate the remainder when (544/80)/((-2)/(-10)) - -7 is divided by 5.
1
Suppose 3*n = -0*n + 96. Let q(f) = f**2 - 17*f + 127. Calculate the remainder when q(11) is divided by n.
29
Suppose 520 = f - 11*f. Calculate the remainder when (-2024)/(-26) - (24/f)/3 is divided by 20.
18
Let v = 15 - 4. Suppose -5*b - 13 = -153. Suppose 0 + b = 4*n. Calculate the remainder when v is divided by n.
4
Let r(z) = z**3 + 4*z**2 - 5*z. Let p be r(-5). Suppose 11*j + 42 = 9. Calculate the remainder when 13 - (j/3 - p) is divided by 8.
6
Let i(m) = -m**2 + m + 15. Suppose 0 = 4*x - 8 - 157 - 63. What is the remainder when x is divided by i(0)?
12
Let f(r) = -22*r - 443. Calculate the remainder when f(-23) is divided by 28.
7
Suppose i - 3*v + 7*v = 10, 0 = -4*i + 4*v. Suppose 0 = 3*a - 8*g + 3*g - 111, -a - i*g + 48 = 0. What is the remainder when a is divided by 12?
6
Let p(x) = -x**3 + 11*x**2 - 16*x + 40. Calculate the remainder when 635 is divided by p(9).
55
Suppose 5*i - 15*i + 50 = 0. Suppose 0*f + 3*z - 340 = -i*f, 0 = -4*z. Calculate the remainder when f is divided by 14.
12
Let b(l) = -l**3 + l**2 - l + 231. Calculate the remainder when b(0) is divided by 59.
54
Let s = -3 - -3. Let p = 5 + 20. What is the remainder when p is divided by (-9)/(2 + -3 + s)?
7
Suppose 0 = -w + r - 11, -2*w + 0*r = -5*r + 31. Let h = w + 4. Let l(u) = u**2 - u - 1. Calculate the remainder when l(h) is divided by 7.
5
Calculate the remainder when 480 is divided by (22/(-25)*-5)/(3/15).
18
Suppose 5*c - 13 = 2. Let z = 2 - -26. Calculate the remainder when z is divided by (c - (-1 - -5))*-15.
13
Let h = 135 + -125. What is the remainder when 35 is divided by h?
5
Let i(f) = f**2 - 12*f + 19. Suppose -60 + 570 = 17*l. Calculate the remainder when l is divided by i(11).
6
Let d(p) = 7*p - 34. Suppose -2*n + 6*n = 24. Calculate the remainder when 30 is divided by d(n).
6
Let d(h) = 6*h**2 + 2*h - 59. What is the remainder when d(6) is divided by 4?
1
Let m(x) = 7*x - 157. Calculate the remainder when 273 is divided by m(29).
43
Suppose 5*q + 18 - 290 = -2*s, -3*s + 2*q + 370 = 0. What is the remainder when s is divided by 36?
18
Suppose 2*v - c = c + 10, 4*v = 2*c + 22. Let z(f) = -9*f**2 + 7*f**2 - 2 - 8 + 5*f**2. Calculate the remainder when z(3) is divided by v.
5
Suppose 3*p = 13 + 38. Suppose -x = -20 + 15. Suppose 0 = -x*y + 4*y + 6. Calculate the remainder when p is divided by y.
5
Suppose 8*o - 5*u + 21 = 7*o, 4*u + 101 = -3*o. Let l = o + 43. Calculate the remainder when l is divided by 12.
0
Suppose -3*r = 9, x + 3*r + 98 = -r. Let s = 221 + x. What is the remainder when s is divided by 23?
20
Suppose 71*o = 107*o - 216. Let a be ((-50)/15)/((-2)/(-6)). Calculate the remainder when 3/6*0 - a is divided by o.
4
Suppose 4*x + m = -m, -x - 18 = 5*m. Let g(l) = 3*l - 5. What is the remainder when ((-5)/5)/(1/(-3)) is divided by g(x)?
0
Suppose 60 = -27*t + 29*t. What is the remainder when 59 is divided by t?
29
Suppose 5*f - 594 + 149 = 0. Calculate the remainder when f is divided by 171/114*(2 + 8).
14
Let h = -1343 - -1381. Suppose -3 = 4*c - 43. Suppose -n + c = -0*n. Calculate the remainder when h is divided by n.
8
Let c = -510 + 514. Calculate the remainder when 125 is divided by c.
1
Suppose 8 = 4*k - 448. What is the remai